{"id":2166,"date":"2024-11-20T09:04:34","date_gmt":"2024-11-20T08:04:34","guid":{"rendered":"http:\/\/demo2.drfuri.com\/baroque\/?page_id=14"},"modified":"2026-03-19T18:55:26","modified_gmt":"2026-03-19T17:55:26","slug":"home-minimal","status":"publish","type":"page","link":"https:\/\/optimafleet.eu\/","title":{"rendered":"Strona g\u0142\u00f3wna"},"content":{"rendered":"<section class=\"wpb-content-wrapper\"><p>[vc_row][vc_column][rev_slider_vc alias=&#8221;home-minimal&#8221;][\/vc_column][\/vc_row][vc_row][vc_column]<div class=\"ba-empty-space \" style=\"\"><div class=\"ba_empty_space_lg\"  style=\"height: 130px\"><\/div><div class=\"ba_empty_space_md\"  style=\"height: 80px\"><\/div><div class=\"ba_empty_space_xs\"  style=\"height: 40px\"><\/div><\/div>[\/vc_column][\/vc_row][vc_row][vc_column offset=&#8221;vc_col-lg-6 vc_col-md-6 vc_col-xs-12&#8243;][vc_custom_heading text=&#8221;#Zarz\u0105dzanie flot\u0105 samochodow\u0105&#8221; font_container=&#8221;tag:h5|text_align:left|line_height:1&#8243; use_theme_fonts=&#8221;yes&#8221; el_class=&#8221;ba-regular&#8221; css=&#8221;.vc_custom_1668632232092{margin-top: 0px !important;margin-bottom: 0px !important;}&#8221;]<div class=\"ba-empty-space \" style=\"\"><div class=\"ba_empty_space_lg\"  style=\"height: 35px\"><\/div><div class=\"ba_empty_space_md\"  style=\"height: 35px\"><\/div><div class=\"ba_empty_space_xs\"  style=\"height: 35px\"><\/div><\/div>[vc_custom_heading text=&#8221;Optima Fleet Management &#8211;<br \/>\nsprawdzony partner<br \/>\ni niezale\u017cny lider&#8221; font_container=&#8221;tag:h2|font_size:48|text_align:left&#8221; use_theme_fonts=&#8221;yes&#8221; letter_spacing=&#8221;-1.5px&#8221; css=&#8221;.vc_custom_1668632217818{margin-top: 0px !important;margin-bottom: 0px !important;}&#8221;]<div class=\"ba-empty-space \" style=\"\"><div class=\"ba_empty_space_lg\"  style=\"height: 40px\"><\/div><div class=\"ba_empty_space_md\"  style=\"height: 40px\"><\/div><div class=\"ba_empty_space_xs\"  style=\"height: 40px\"><\/div><\/div>[vc_column_text]<a class=\"primary-color\" style=\"font-size: 36px;\" href=\"#\"><i class=\"icon-arrow-right\"><\/i>\u00a0<\/a>[\/vc_column_text]<div class=\"ba-empty-space \" style=\"\"><div class=\"ba_empty_space_lg\"  style=\"height: 50px\"><\/div><div class=\"ba_empty_space_md\"  style=\"height: 25px\"><\/div><div class=\"ba_empty_space_xs\"  style=\"height: 25px\"><\/div><\/div><div class=\"ba-image-box \"><div class=\"service-thumbnail\"><a href=\"https:\/\/optimafleet.eu\/?p=2377\"><img loading=\"lazy\" decoding=\"async\" class=\"\" src=\"https:\/\/optimafleet.eu\/wp-content\/uploads\/2022\/11\/32-e1669152447316.jpg\" width=\"400\" height=\"593\" alt=\"Oferta Optima Fleet\" title=\"Oferta Optima Fleet\" \/><\/a><\/div><div class=\"service-summary\"><span class=\"subtitle\">OFERTA OPTIMA FLEET<\/span><h3><a href=\"https:\/\/optimafleet.eu\/?p=2377\" title=\"#\">Zarz\u0105dzanie flot\u0105<br \/>\nsamochodow\u0105<\/a><\/h3><\/div><\/div>[\/vc_column][vc_column offset=&#8221;vc_col-lg-6 vc_col-md-6 vc_col-xs-12&#8243;]<div class=\"ba-empty-space \" style=\"\"><div class=\"ba_empty_space_lg\"  style=\"height: 58px\"><\/div><div class=\"ba_empty_space_md\"  style=\"height: 58px\"><\/div><div class=\"ba_empty_space_xs\"  style=\"height: 58px\"><\/div><\/div><div class=\"ba-image-box \"><div class=\"service-thumbnail\"><a href=\"https:\/\/optimafleet.eu\/?p=2390\"><img loading=\"lazy\" decoding=\"async\" class=\"\" src=\"https:\/\/optimafleet.eu\/wp-content\/uploads\/2022\/11\/30-570x631.jpg\" width=\"570\" height=\"631\" alt=\"30\" title=\"30\" \/><\/a><\/div><div class=\"service-summary\"><span class=\"subtitle\">KIM JESTE\u015aMY<\/span><h3><a href=\"https:\/\/optimafleet.eu\/?p=2390\" title=\"#\">Najlepsi specjali\u015bci<br \/>\ni unikalne kompetencje<\/a><\/h3><\/div><\/div><div class=\"ba-empty-space \" style=\"\"><div class=\"ba_empty_space_lg\"  style=\"height: 85px\"><\/div><div class=\"ba_empty_space_md\"  style=\"height: 40px\"><\/div><div class=\"ba_empty_space_xs\"  style=\"height: 25px\"><\/div><\/div><div class=\"ba-image-box \"><div class=\"service-thumbnail\"><a href=\"https:\/\/optimafleet.eu\/?p=2392\"><img loading=\"lazy\" decoding=\"async\" class=\"\" src=\"https:\/\/optimafleet.eu\/wp-content\/uploads\/2022\/11\/31-570x631.jpg\" width=\"570\" height=\"631\" alt=\"31\" title=\"31\" \/><\/a><\/div><div class=\"service-summary\"><span class=\"subtitle\">DO\u015aWIADCZENI EKSPERCI<\/span><h3><a href=\"https:\/\/optimafleet.eu\/?p=2392\" title=\"#\">Polityki flotowe, audyty,<br \/>\nanalizy i raporty<\/a><\/h3><\/div><\/div>[\/vc_column][\/vc_row][vc_row][vc_column]<div class=\"ba-empty-space \" style=\"\"><div class=\"ba_empty_space_lg\"  style=\"height: 100px\"><\/div><div class=\"ba_empty_space_md\"  style=\"height: 80px\"><\/div><div class=\"ba_empty_space_xs\"  style=\"height: 60px\"><\/div><\/div><div class=\"ba-portfolio-quote  \">\n\t\t\t\t<div class=\"quote-header\">\n\t\t\t\t\t<h3>Sprawd\u017a dlaczego zaufa\u0142o<br \/>\nnam ju\u017c ponad 100 klient\u00f3w:<\/h3>\n\t\t\t\t\t<div class=\"quote-icon\"><i class=\"icon_quotations\"><\/i><\/div>\n\t\t\t\t<\/div>\n\t\t\t\t<div class=\"quote-content\">\n\t\t\t\t\t<div class=\"quote\">Us\u0142ugi \u015bwiadczone przez Optima Fleet Management w pe\u0142ni nas satysfakcjonuj\u0105. Zaanga\u017cowanie zespo\u0142u, spos\u00f3b organizacji i kompetencje optymalizacyjne OFM stanowi\u0105 nieocenione wsparcie dla naszej grupy.<\/div>\n\t\t\t\t\t<cite>Grupa Impel S.A.<span>\/ 2019 \/<\/span><\/cite>\n\t\t\t\t<\/div>\n\t\t\t<\/div>[\/vc_column][\/vc_row][vc_row][vc_column]<div class=\"ba-empty-space \" style=\"\"><div class=\"ba_empty_space_lg\"  style=\"height: 100px\"><\/div><div class=\"ba_empty_space_md\"  style=\"height: 50px\"><\/div><div class=\"ba_empty_space_xs\"  style=\"height: 20px\"><\/div><\/div>[\/vc_column][\/vc_row]<\/p>\n<\/section>","protected":false},"excerpt":{"rendered":"<p>[vc_row][vc_column][rev_slider_vc alias=&#8221;home-minimal&#8221;][\/vc_column][\/vc_row][vc_row][vc_column][\/vc_column][\/vc_row][vc_row][vc_column offset=&#8221;vc_col-lg-6 vc_col-md-6 vc_col-xs-12&#8243;][vc_custom_heading text=&#8221;#Zarz\u0105dzanie flot\u0105 samochodow\u0105&#8221; font_container=&#8221;tag:h5|text_align:left|line_height:1&#8243; use_theme_fonts=&#8221;yes&#8221; el_class=&#8221;ba-regular&#8221; css=&#8221;.vc_custom_1668632232092{margin-top: 0px !important;margin-bottom: 0px !important;}&#8221;][vc_custom_heading text=&#8221;Optima Fleet Management &#8211; sprawdzony partner i niezale\u017cny lider&#8221; font_container=&#8221;tag:h2|font_size:48|text_align:left&#8221; use_theme_fonts=&#8221;yes&#8221; letter_spacing=&#8221;-1.5px&#8221; css=&#8221;.vc_custom_1668632217818{margin-top: 0px !important;margin-bottom: 0px !important;}&#8221;][vc_column_text]\u00a0[\/vc_column_text][\/vc_column][vc_column offset=&#8221;vc_col-lg-6 vc_col-md-6 vc_col-xs-12&#8243;][\/vc_column][\/vc_row][vc_row][vc_column][\/vc_column][\/vc_row][vc_row][vc_column][\/vc_column][\/vc_row]<\/p>\n","protected":false},"author":1,"featured_media":0,"parent":0,"menu_order":0,"comment_status":"closed","ping_status":"closed","template":"","meta":{"footnotes":""},"class_list":["post-2166","page","type-page","status-publish","hentry","no-thumb"],"_links":{"self":[{"href":"https:\/\/optimafleet.eu\/index.php?rest_route=\/wp\/v2\/pages\/2166","targetHints":{"allow":["GET"]}}],"collection":[{"href":"https:\/\/optimafleet.eu\/index.php?rest_route=\/wp\/v2\/pages"}],"about":[{"href":"https:\/\/optimafleet.eu\/index.php?rest_route=\/wp\/v2\/types\/page"}],"author":[{"embeddable":true,"href":"https:\/\/optimafleet.eu\/index.php?rest_route=\/wp\/v2\/users\/1"}],"replies":[{"embeddable":true,"href":"https:\/\/optimafleet.eu\/index.php?rest_route=%2Fwp%2Fv2%2Fcomments&post=2166"}],"version-history":[{"count":52,"href":"https:\/\/optimafleet.eu\/index.php?rest_route=\/wp\/v2\/pages\/2166\/revisions"}],"predecessor-version":[{"id":2929,"href":"https:\/\/optimafleet.eu\/index.php?rest_route=\/wp\/v2\/pages\/2166\/revisions\/2929"}],"wp:attachment":[{"href":"https:\/\/optimafleet.eu\/index.php?rest_route=%2Fwp%2Fv2%2Fmedia&parent=2166"}],"curies":[{"name":"wp","href":"https:\/\/api.w.org\/{rel}","templated":true}]}}